 16) to base 6.
-21
What is 3 (base 13) in base 14?
3
Convert -121 (base 4) to base 14.
-1b
What is 2320 (base 4) in base 15?
c4
Convert 10 (base 7) to base 4.
13
21 (base 11) to base 8
27
-18 (base 16) to base 12
-20
-1 (base 14) to base 15
-1
What is 5 (base 15) in base 12?
5
Convert 4 (base 6) to base 3.
11
652 (base 7) to base 16
14b
What is -150 (base 14) in base 2?
-100001010
What is 103 (base 5) in base 14?
20
100 (base 2) to base 9
4
-1 (base 3) to base 6
-1
Convert -128 (base 14) to base 11.
-1a1
Convert -22 (base 8) to base 9.
-20
-26 (base 11) to base 14
-20
Convert 3 (base 14) to base 10.
3
What is -39 (base 16) in base 5?
-212
10 (base 6) to base 8
6
2120 (base 3) to base 11
63
What is 84 (base 14) in base 15?
7b
-2 (base 12) to base 14
-2
Convert -5 (base 13) to base 14.
-5
What is -48 (base 15) in base 16?
-44
What is -2 (base 13) in base 4?
-2
Convert 15 (base 8) to base 7.
16
What is -3 (base 16) in base 13?
-3
Convert 4 (base 10) to base 7.
4
-33 (base 8) to base 10
-27
What is -67 (base 12) in base 2?
-1001111
0 (base 10) to base 11
0
12 (base 13) to base 7
21
Convert 22 (base 4) to base 16.
a
What is 320 (base 4) in base 7?
110
Convert 26 (base 16) to base 15.
28
What is 23 (base 11) in base 2?
11001
-6 (base 16) to base 5
-11
Convert 168 (base 10) to base 12.
120
What is 243 (base 8) in base 9?
201
Convert -9 (base 10) to base 9.
-10
-9 (base 11) to base 4
-21
Convert 10 (base 2) to base 12.
2
-41 (base 10) to base 5
-131
What is 1 (base 7) in base 10?
1
3 (base 4) to base 7
3
Convert -15 (base 14) to base 10.
-19
-1 (base 10) to base 5
-1
What is 11 (base 2) in base 16?
3
What is -6 (base 8) in base 2?
-110
Convert -100 (base 3) to base 4.
-21
What is -2 (base 14) in base 10?
-2
3 (base 9) to base 12
3
34 (base 10) to base 14
26
What is -22 (base 7) in base 12?
-14
Convert 4 (base 6) to base 4.
10
-11 (base 2) to base 8
-3
Convert 0 (base 12) to base 10.
0
What is 24 (base 7) in base 2?
10010
What is -80 (base 12) in base 3?
-10120
1 (base 5) to base 2
1
What is 7 (base 9) in base 6?
11
What is a (base 13) in base 12?
a
What is 1c (base 15) in base 5?
102
What is -2 (base 9) in base 6?
-2
What is -43 (base 9) in base 16?
-27
Convert 15 (base 15) to base 16.
14
Convert -1 (base 14) to base 9.
-1
Convert -4 (base 7) to base 2.
-100
Convert -10 (base 6) to base 10.
-6
Convert -25 (base 7) to base 2.
-10011
What is 45 (base 12) in base 11?
49
Convert 4 (base 9) to base 4.
10
What is -5 (base 14) in base 16?
-5
What is -1a (base 13) in base 12?
-1b
Convert 19 (base 16) to base 8.
31
Convert 2 (base 11) to base 2.
10
-18 (base 10) to base 3
-200
What is -41 (base 8) in base 5?
-113
What is -10 (base 4) in base 3?
-11
Convert 2 (base 6) to base 10.
2
What is 52 (base 7) in base 11?
34
What is -b (base 15) in base 13?
-b
What is -16 (base 11) in base 4?
-101
What is 13 (base 4) in base 11?
7
-18 (base 12) to base 13
-17
1223 (base 4) to base 9
128
10 (base 2) to base 14
2
-12 (base 13) to base 6
-23
Convert -2 (base 15) to base 12.
-2
363 (base 9) to base 5
2200
Convert -1011 (base 2) to base 9.
-12
Convert -4 (base 14) to base 9.
-4
Convert -12a (base 13) to base 4.
-3031
What is 1a7 (base 13) in base 6?
1230
-1 (base 3) to base 11
-1
Convert -4 (base 16) to base 10.
-4
10 (base 11) to base 12
b
98 (base 10) to base 16
62
Convert 6c (base 14) to base 2.
1100000
-46 (base 11) to base 16
-32
-2022 (base 3) to base 4
-332
26 (base 15) to base 5
121
Convert -85 (base 9) to base 8.
-115
Convert b (base 14) to base 10.
11
-4d (base 14) to base 11
-63
What is 2 (base 14) in base 12?
2
24c (base 13) to base 3
112220
What is -c (base 14) in base 7?
-15
Convert 2 (base 13) to base 12.
2
-21 (base 3) to base 4
-13
What is -11 (base 3) in base 7?
-4
What is 1100 (base 2) in base 6?
20
2 (base 9) to base 5
2
Convert -32 (base 6) to base 14.
-16
Convert 4 (base 8) to base 3.
11
25 (base 9) to base 13
1a
Convert -1202 (base 5) to base 15.
-bc
What is -1 (base 4) in base 5?
-1
What is 2 (base 3) in base 10?
2
0 (base 13) to base 10
0
What is 22 (base 14) in base 11?
28
18 (base 14) to base 11
20
What is 222 (base 6) in base 11?
79
What is -13 (base 4) in base 14?
-7
5 (base 11) to base 5
10
0 (base 13) to base 14
0
What is 2 (base 14) in base 5?
2
What is -2 (base 5) in base 11?
-2
2101 (base 3) to base 14
48
What is -20 (base 12) in base 15?
-19
Convert 10 (base 5) to base 14.
5
What is 17 (base 10) in base 6?
25
Convert 6 (base 16) to base 12.
6
-204 (base 6) to base 13
-5b
What is 13 (base 15) in base 9?
20
Convert -7 (base 12) to base 2.
-111
-230 (base 11) to base 16
-113
-101110 (base 2) to base 16
-2e
What is 13 (base 16) in base 6?
31
Convert -1112 (base 4) to base 2.
-1010110
What is -b (base 12) in base 6?
-15
Convert 3 (base 11) to base 9.
3
What is -19 (base 14) in base 15?
-18
Convert -1 (base 8) to base 10.
-1
What is 10 (base 14) in base 7?
20
What is -1ab (base 12) in base 9?
-335
What is 1 (base 14) in base 12?
1
What is -152 (base 7) in base 13?
-68
Convert 33 (base 8) to base 14.
1d
-3 (base 12) to base 4
-3
357 (base 8) to base 15
10e
-11122 (base 3) to base 12
-a5
62 (base 11) to base 8
104
What is 100 (base 2) in base 7?
4
-11 (base 10) to base 4
-23
What is -1233 (base 5) in base 3?
-21011
Convert -44 (base 5) to base 9.
-26
5 (base 13) to base 12
5
Convert 1 (base 16) to base 12.
1
Convert 4 (base 6) to base 3.
11
Convert 6 (base 14) to base 13.
6
What is 17 (base 8) in base 3?
120
Convert 10 (base 2) to base 15.
2
What is 4 (base 13) in base 5?
4
What is -11 (base 6) in base 11?
-7
-6 (base 11) to base 14
-6
76 (base 8) to base 9
68
8 (base 16) to base 11
8
What is 0 (base 15) in base 4?
0
What is 4a (base 12) in base 10?
58
Convert 3 (base 16) to base 7.
3
Convert 9 (base 11) to base 8.
11
What is -10 (base 8) in base 11?
-8
What is 10102 (base 3) in base 5?
332
Convert 0 (base 15) to base 14.
0
Convert 150 (base 13) to base 4.
3222
Convert 2 (base 6) to base 13.
2
-12 (base 4) to base 9
-6
Convert -502 (base 6) to base 10.
-182
Convert -9 (base 12) to base 15.
-9
What is 10110 (base 2) in base 14?
18
What is -430 (base 5) in base 10?
-115
Convert 342 (base 6) to base 3.
11222
Convert 9 (base 10) to base 13.
9
220 (base 3) to base 10
24
What is 1010 (base 4) in base 5?
233
Convert -97 (base 12) to base 6.
-311
What is 19a (base 12) in base 15?
127
What is -324 (base 5) in base 7?
-155
-218 (base 9) to base 8
-263
-100 (base 2) to base 13
-4
Convert -17 (base 11) to base 2.
-10010
Convert 3 (base 8) to base 11.
3
Convert -65 (base 11) to base 7.
-131
0 (base 16) to base 6
0
What is -47 (base 9) in base 7?
-61
Convert -2 (base 9) to base 11.
-2
1 (base 4) to base 6
1
What is -35 (base 6) in base 12?
-1b
15 (base 7) to base 3
110
What is 1031 (base 4) in base 15?
52
Convert -100100 (base 2) to base 6.
-100
64 (base 10) to base 9
71
2 (base 16) to base 3
2
What is -3 (base 9) in base 11?
-3
Convert 156 (base 9) to base 3.
11220
9 (base 13) to base 12
9
-21 (base 4) to base 3
-100
Convert 1 (base 6) to base 5.
1
What is 8 (base 13) in base 7?
11
What is -20 (base 3) in base 13?
-6
-14 (base 7) to base 12
-b
-1 (base 7) to base 9
-1
320 (base 9) to base 12
199
121 (base 7) to base 10
64
What is 11012 (base 4) in base 16?
146
Convert 42 (base 8) to base 4.
202
Convert 92 (base 10) to base 3.
10102
What is -31 (base 15) in base 16?
-2e
What is -8 (base 15) in base 9?
-8
What is -1213 (base 5) in base 9?
-223
What is 51 (base 14) in base 10?
71
135 (base 6) to base 15
3e
What is -3 (base 9) in base 4?
-3
-214 (base 6) to base 2
-1010010
Convert -4 (base 16) to base 4.
-10
What is -8 (base 16) in base 3?
-22
7 (base 13) to base 3
21
Convert -45 (base 8) to base 12.
-31
What is -29 (base 13) in base 3?
-1022
What is 43 (base 11) in base 3?
1202
Convert 21 (base 12) to base 7.
34
16 (base 10) to base 12
14
What is -9 (base 12) in base 8?
-11
-1000010 (base 2) to base 13
-51
Convert 83 (base 11) to base 7.
160
What is -313 (base 4) in base 5?
-210
Convert 1 (base 15) to base 10.
1
Convert -104 (base 9) to base 14.
-61
-85 (base 9) to base 11
-70
Convert -119 (base 10) to base 4.
-1313
What is -13 (base 4) in base 2?
-111
What is 4 (base 16) in base 12?
4
Convert -139 (base 12) to base 8.
-275
What is -165 (base 11) in base 16?